i**2 + 6*i + 6. Give n(z).
-2
Let d(m) = m + 4*m - 1 - 4*m + 3. Determine d(4).
6
Let h = 4 + 1. Suppose 0 = 3*a + 3 - 12. Let w(f) = 2 + f**a - 4*f + 2 + 0 - 5*f**2 + 2*f. What is w(h)?
-6
Let v(b) = -2*b**3 + 4*b**2 + 4*b + 6. Let x(z) = 3*z**3 - 5*z**2 - 5*z - 7. Let p(u) = -4*v(u) - 3*x(u). What is p(0)?
-3
Suppose k = 8*k - 7. Let t(x) = 8*x**3 + 2*x**2 - 2*x + 1. Determine t(k).
9
Suppose -10*q + 16 = -6*q. Let j(b) be the third derivative of 0*b - b**2 + 0*b**3 + 1/30*b**5 + 0 + 1/24*b**q - 1/40*b**6. Give j(-1).
4
Let g be 0/((0 + 4)/2). Let d(v) = v**3 + 7*v**2 + 2. Let u(q) = q**3 + 6*q**2 + 2. Let s(p) = 6*d(p) - 7*u(p). Determine s(g).
-2
Let q(r) = r**3 + 2*r**2 + 10. Let y(n) = -n**2 - n - 1. Let p(m) = -q(m) - y(m). What is p(0)?
-9
Let s(q) = 11*q - 1 + 3*q - 5*q. Calculate s(-1).
-10
Let j(f) be the first derivative of -f**2 - 3*f - 8. Suppose 4*q + 3 = -5. What is j(q)?
1
Let w(b) = -b**3 + 3*b**2 + b - 2. Let r(v) be the third derivative of -v**4/24 - v**3/2 + v**2. Let d be r(-6). Calculate w(d).
1
Let l(g) be the third derivative of -g**4/8 + 3*g**3/2 + 17*g**2. Determine l(6).
-9
Suppose -8*h = -3*h + 25. Let q = h + 7. Let p(a) = a**3 + 2*a**2 - 2*a - 1. Determine p(q).
11
Let t(g) = -13*g + 1. Suppose 11*v - 7*v + 4 = 0. Calculate t(v).
14
Let y(o) = o**3 + 3*o**2 + 2*o - 4. Suppose 3*p + 5*v + 34 = 0, -5*v - 2 = 23. What is y(p)?
-10
Let m(a) = -a**3 + 7*a**2 - 4*a - 8. Let t be m(6). Let l(b) = b - 4. What is l(t)?
0
Let d(a) be the first derivative of 5/2*a**2 - 5/3*a**3 + 1/4*a**4 - 2*a - 1. What is d(4)?
2
Let v(b) = -6*b - 17. Let x(o) = -7*o - 18. Let g(h) = 6*v(h) - 5*x(h). Give g(-8).
-4
Let p = -1 - 3. Let s(k) be the third derivative of 1/120*k**6 + 1/3*k**3 + 0 + 3*k**2 + 1/20*k**5 + 0*k - 1/24*k**4. Calculate s(p).
-10
Let d(k) = -k + 10. Let b(n) = 1. Let z(c) = 5*b(c) - d(c). Let i be z(7). Suppose 0 = i*g + 2*g. Let a(l) = l**3 - l**2 - l - 3. Give a(g).
-3
Suppose 1 = 2*q - 5. Let v(b) = 0*b**2 + 4*b**2 - 2*b + q*b - b**2. Determine v(1).
4
Let c(i) = -i + 2. Suppose m + 3*z + 15 = 0, 16 = -5*m + z + 5. Let v be -1 + (m - -2) - -2. Determine c(v).
2
Let q(h) = -4*h + 3. Let k(m) = -m**2 - 1. Let x(f) = 2*k(f) + q(f). Suppose 7*l + 15 = 2*l. Give x(l).
-5
Let r(j) be the third derivative of -j**5/20 - 5*j**4/24 + j**3/3 - 19*j**2. What is r(-4)?
-26
Let k(x) be the third derivative of x**4/12 + 11*x**2. What is k(-5)?
-10
Let k(u) = u**3 - 8*u**2 + 7*u + 9. Let i be (-10 + -4)*(-2)/4. Give k(i).
9
Let x(t) = 4*t**2 - t + 1. Suppose 0 = 3*q - 0*q - 60. Suppose 0*b - q = -b. Let o be 1/5 + 16/b. Calculate x(o).
4
Let g(k) = -4*k - k**3 - 472 + 5*k**2 + 472. Let q = 6 + -3. Suppose -1 + 0 = -q*x + 4*j, 3*j - 9 = -x. What is g(x)?
6
Let g(m) = m**2 - 2*m - 1. Let n = 4 + -7. Let j = n + 2. Let w be 2 - (-3 + (0 - j)). Give g(w).
7
Let n(y) = -13*y - 4*y + 10*y - 3 + y**2. Let z = 9 - 3. Calculate n(z).
-9
Let g = 0 - 1. Let k(f) = -f**3 + 6*f**2 + 2*f - 4. Let m be k(6). Let d(b) = -10*b - 3. Let t(w) = -3*w - 1. Let c(q) = m*t(q) - 3*d(q). Give c(g).
-5
Let o be (6/18)/((-1)/3). Let j(z) = -3*z - 1. Give j(o).
2
Let f(y) = y**2 - 4*y + 3. Let o be 12/(-30) + (-34)/(-10). Let a = 0 + o. Give f(a).
0
Suppose 2*l + 4*q + 24 = -2, 10 = -2*q. Let y(f) = f**3 + 4*f**2 + 3*f - 2. Determine y(l).
-2
Let h be ((-2)/((-4)/2))/(1/4). Let u(n) = n**2 + 1. What is u(h)?
17
Let o(z) = -z**2 + 6*z + 5. Let v be 90/12 + 6/(-4). Let x = 0 + v. Determine o(x).
5
Let s(n) = -n**3 + 8*n**2 - 8*n + 8. Let b be s(7). Let v(x) = 2*x**3 + 2*x**2 - 2*x + 1. Give v(b).
3
Let s(r) = -3*r**2 - r - 1. Let o(y) = 3*y**2 - 4*y**2 - 3*y + 1 + 2*y. Let g be o(-2). What is s(g)?
-3
Let t(o) = o**3 - o + 1. Let l(i) = -i**2 + 5*i - 5. Let f be l(4). Let n(u) = u**3 - 6*u**2 - 3*u - 4. Let x(j) = f*n(j) + 2*t(j). Determine x(-6).
0
Let b(q) = 1 + 10*q - 15*q + q**2 - q**3 + 4*q. What is b(2)?
-5
Let y(m) be the third derivative of -m**6/120 - m**5/20 + 5*m**4/24 + m**3/6 - 40*m**2. Determine y(-4).
-3
Let b(u) = 2*u**3 - 2*u**2 + 2*u - 3. Let m = -1 - 2. Suppose 3*s = 8*s. Let v be s - 2 - (m - 1). Give b(v).
9
Let b(d) = -18*d**2 - 7. Let l(y) = 9*y**2 + 4. Let j(g) = -3*b(g) - 5*l(g). What is j(-1)?
10
Let z(r) = -r**2 - 8*r - 15. Let x be z(-4). Let i(p) = 9*p**3 - p + 1. Give i(x).
9
Let s(d) = 1. Suppose 7 = v + 1. Let n = -4 + 3. Let m(i) = 2*i + 5. Let w(a) = n*m(a) + v*s(a). Determine w(4).
-7
Let s(l) = 3*l**3 + 2*l**2 + l. Let x be 2 - (-2 - (-10)/2). What is s(x)?
-2
Let j(q) be the second derivative of q**5/20 - q**4/3 - 5*q**3/6 - q**2 + 10*q. What is j(5)?
-2
Let n(i) be the second derivative of i**3/6 + 3*i**2/2 + 7*i. Let h be n(-9). Let v(s) = -s. Calculate v(h).
6
Let v(i) be the second derivative of i**4/12 + 2*i**3/3 - i**2/2 + 2*i. Let x = -3 - -6. Suppose 2*h + 7 = x. Give v(h).
-5
Let h be 4 - (-1)/(-1)*0. Suppose 0 = 5*v - 4*b + 13, -3*b + 2 = -h. Let k = v + 1. Let r(j) = -j**3 + j**2 - j + 2. Give r(k).
2
Let k = 2 - -1. Let l(f) be the third derivative of -f**4/24 + 7*f**3/6 + 2*f**2. What is l(k)?
4
Let l(a) = -3*a - 1. Let y be l(-2). Let q(b) = 11*b + 5. Let f(m) = 6*m + 3. Let i(x) = y*f(x) - 3*q(x). Calculate i(-3).
9
Let s = 13 + -9. Let l(d) = -2*d - 3*d**2 + s + 0*d - d**2 + 3*d**2. Let a(n) = -n**3 + 4*n**2 - 3*n - 3. Let m be a(3). What is l(m)?
1
Let g(w) = -5*w + 4. Let u(b) = -4*b + 4. Let z(y) = 2*g(y) - 3*u(y). Suppose -8*d + 6*d + 6 = 0. What is z(d)?
2
Let n(l) = 8 - l + 0 - 7 + 2*l. What is n(-4)?
-3
Suppose 2*s - 3 + 1 = 0. Let y(f) = 15*f**2 - f + 1. Calculate y(s).
15
Let v(y) be the third derivative of y**4/24 + 7*y**3/6 + 23*y**2. Calculate v(-10).
-3
Let a(o) = o**3 + 5*o**2 - 8*o + 10. Let h(v) = -2*v**3 - 10*v**2 + 17*v - 21. Let x(i) = -5*a(i) - 2*h(i). What is x(-6)?
-8
Let o(f) = -f**3 - 9*f**2 - 8*f + 4. Let b be o(-8). Suppose -4 = -b*g + 2*h, -g + 4*h - 16 + 3 = 0. Let i(v) = -2*v**2 + 3*v - 3. Determine i(g).
-12
Suppose -5*l + 20 = 5*f, 2*f = 2*l + 3*l + 15. Let q = f - 3. Suppose g = k + 3 - q, -15 = -5*g. Let v(x) = x - 3. Give v(k).
-1
Let j(z) be the first derivative of -7 + 0*z - 1/2*z**2. Give j(-4).
4
Let d = 4 - 6. Let x(z) = 2*z**2 + 9*z + 2. Let i(n) = n**2 + 8*n + 3. Let a(c) = d*x(c) + 3*i(c). Let j be a(6). Let r(v) = v**2 - 4*v - 1. Give r(j).
4
Let l(w) = -w**3 - 2*w - 2. Let s be l(-1). Let d(i) be the first derivative of -11*i**3/3 + i**2/2 + 1. Determine d(s).
-10
Suppose -c - 4 = -3*c. Suppose 0 = -0*k + c*k + 6. Let t(o) = 4*o + 0*o - 5*o. Calculate t(k).
3
Suppose 8*p - 2*p = -12. Let y(z) = -5*z**2 - 2*z. Determine y(p).
-16
Let x(u) = u**3 + 3*u**2 + 2*u - 1. Let s be (-2)/4 + 4/8. Let f(d) = -d**2 + 2*d - 2. Let v be f(s). Calculate x(v).
-1
Suppose 0 = c - 2 - 0. Let i(l) = 2 + 0*l + l - c*l. Let d(h) = h**2 - 4*h - 2. Let r be d(5). Determine i(r).
-1
Let l(g) = g**2 - g + 6. Suppose -v + 3 = 3*t - 9, -v + 3*t = 6. Let m = -3 + v. What is l(m)?
6
Let p be (-18)/(-4)*28/42. Let t(v) = p + 7*v - v**2 + 1 - 5 - 2. Calculate t(6).
3
Let n = -6 - -11. Let f(z) = n*z**2 + z**3 - 2 + 2*z - z - 1 + 4. What is f(-5)?
-4
Let j be ((-3)/(-2))/(15/100). Let y(h) = -3*h - j + 2*h**2 + 5 + 6. What is y(2)?
3
Let o(v) = -v**2 + 4*v + 6. Suppose 2*g = 4*b + 28, 10*b = 5*b + 2*g - 37. Let i be 10/(-45) + (-47)/b. What is o(i)?
1
Let f(t) = -30 - 3*t + 35 + 11*t - t**2. Determine f(9).
-4
Let r(q) = q - 19*q**2 - 4 - 4*q + 20*q**2. Let t = -8 - -4. Let o = -1 - t. Determine r(o).
-4
Let b(q) = -q**3 - 7*q**2 - 6*q + 7. Let k(f) = -f**3 - 9*f**2 - 7*f + 2. Let p be k(-8). What is b(p)?
7
Let k(g) = g**3 - 2*g**2 + 2. Let p be k(2). Let c(b) = 4*b - 2*b - 3*b**p + b**2 - 1 - 4*b**2. Give c(1).
-5
Let u be 1 + 9 - (-1 + 3). Suppose -6 = 5*a - 2*g, -5*g - 9 = 4*a - u*g. Let p(v) = a*v + 5 - v + 0. Determine p(4).
1
Let i(s) be the third derivative of s**6/120 - s**5/6 - 5*s**4/12 - 7*s**3/6 + 13*s**2. What is i(11)?
4
Let j be (2/6)/(29/696). Let k(u) = u**3 - 9*u**2 + 7*u + 3. Calculate k(j).
-5
Let k(r) be the second derivative of r**5/20 - 5*r**4/12 - 7*r**3/6 + 9*r**2/2 + 4*r. Let m be k(6). Let t(h) = h**2 - h - 3. Determine t(m).
3
Let v(w) be the first derivative of 11*w**3/3 + 3*w**2/2 + 6*w - 4. Let y(i) = 5*i**2 + i + 3. Let o(s) = 4*v(s) - 9*y(s). What is o(2)?
-